 k. Calculate the greatest common divisor of d and 306.
18
Suppose 8698 = 97*a - 23603. Calculate the highest common factor of 888 and a.
111
Let n be (6/4)/(4/56). Let a = -19875 - -20106. Calculate the highest common factor of n and a.
21
Let b be 408/52 + (-2)/(-13). Suppose h = 3*q + b + 15, 37 = -4*q - 5*h. Let v = 4 - q. What is the highest common factor of 3 and v?
3
Suppose 2*x = -2*u + 113 - 37, 3*x + 2*u - 114 = 0. Calculate the greatest common factor of x and 1957.
19
Let c(x) = -13*x + 44. Let s be c(-14). Suppose -l = -4, -2*l = -2*h - 6*l + s. What is the highest common factor of h and 75?
15
Let d = 8955 - 8892. Calculate the greatest common divisor of d and 7.
7
Suppose 0 = -3*z + 2*a + 1900, -48*z - 5*a = -43*z - 3100. Calculate the highest common divisor of 32 and z.
4
Suppose 3*n = u + 6803, 28*u - 4541 = -2*n + 23*u. What is the greatest common divisor of n and 84?
84
Suppose -86*a = -40553 - 8897. Calculate the highest common factor of 161 and a.
23
Suppose 0*l - 2*l = 4*z + 68, 0 = -4*l + 3*z - 136. Let y = -28 - l. Let s be 2/(3/(189/y)). Calculate the greatest common factor of 42 and s.
21
Suppose 0 = 4*g + v - 1435, -1076 = -3*g - 19*v + 18*v. Suppose 353 = -3*i + 6*i - h, -3*i + g = -4*h. Calculate the highest common factor of 26 and i.
13
Suppose -31121 = -21*n + 45674 - 22930. What is the highest common divisor of 190 and n?
95
Let x be 5*9 - (19 - 16). Let c(t) = -t**2 + 9*t - 3. Let h be c(8). Suppose -4*v = -h*v + 63. What is the highest common factor of v and x?
21
Suppose -65*k + 76885 = -9053 - 108542. Calculate the highest common factor of k and 476.
68
Let f(w) = 12*w**2 + 2*w + 3. Let i(y) = -y**3 - 5*y**2 - 6*y - 1. Let k be i(-3). Let g be f(k). Calculate the highest common divisor of 299 and g.
13
Let u be (-16)/12*-27*39/12. Let j = u - -123. Let o be 544/18 - 2/9. What is the greatest common divisor of o and j?
30
Let q(g) = 12*g**2 + 25*g - 15. Let a be q(-3). Calculate the highest common divisor of a and 1359.
9
Let f = 327 + -307. Suppose 2*l = -0*l + f. What is the highest common factor of 6 and l?
2
Let s(j) = 2*j**2 + 3. Let r be s(-6). Let g be (8/7)/(((-6)/(-7))/3). Suppose -u = -3, -41 = -h - u + g*u. What is the greatest common divisor of h and r?
25
Let r be 11 - 9 - (5 + (-1 - 0)). Let i be ((-728)/(-70))/(r/(-15)). Let p = -28 + 41. Calculate the highest common factor of p and i.
13
Suppose 3*c - 23*m - 359 = -24*m, 2*m = -c + 118. Calculate the greatest common factor of c and 1500.
60
Suppose -12*j = -4*j - 5240. Suppose 5*b + j = 10*b. Suppose 6*z - b - 109 = 0. Calculate the greatest common divisor of 5 and z.
5
Let m(i) = i**3 + 11*i**2 + 20*i + 11. Let c be m(-6). Suppose 3*k - 2035 = c. What is the greatest common factor of 78 and k?
78
Let q(m) = m**2 + 91*m - 201. Let t be q(-97). What is the highest common factor of 6223 and t?
127
Let w be ((-286)/7)/(37/(-518)). Calculate the highest common factor of 132 and w.
44
Let v = -160 + 322. Let m(r) = 2*r**3 - 168*r**2 + 11*r + 145*r**2 + 11 + 7. Let u be m(11). Calculate the highest common factor of u and v.
18
Suppose 0 = 33*r - 12500 - 7696. What is the highest common factor of r and 117?
9
Suppose 50*w - 55*w + 5*b + 4190 = 0, -w - b = -854. Calculate the highest common factor of w and 126.
18
Let q = 637 - -1567. Suppose 29*l + q = 67*l. What is the greatest common factor of 116 and l?
58
Suppose -13*o = -19*o - 1782. Let p = 312 + o. Calculate the highest common divisor of p and 3.
3
Let l = -179 + 177. Let p be (l*4 + 2)/(16/(-40)). Calculate the highest common factor of p and 30.
15
Let x = -2899 + 2904. Calculate the highest common divisor of 24 and x.
1
Let p(q) = -q**3 - 14*q**2 - 31*q - 9. Let h be p(-11). Let t = h + 46. Calculate the greatest common factor of 645 and t.
15
Let j = 12 + -7. Suppose 0*w = 5*w. Suppose p = -4*a - w*a + 49, 5*a - 245 = -j*p. Calculate the greatest common factor of p and 7.
7
Let i be (-150)/(-54) + 2 + (-32)/18. Suppose 0 = -10*o + 13*o - i. Let f be (-17)/((-1071)/54)*(22 - o). What is the greatest common factor of f and 30?
6
Suppose -3*x + 2 = -x. Suppose 24*t + 126 = 534. Calculate the highest common factor of t and x.
1
Suppose -1576 = -5*u - 4*d, u = -d + 304 + 12. Suppose -24*r + u = -22*r. What is the greatest common divisor of 12 and r?
12
Let m = 6003 + -5479. What is the greatest common divisor of 2489 and m?
131
Suppose x - 53 = 102. What is the highest common divisor of 10 and x?
5
Suppose -7*u + 60 + 38 = 0. Suppose -u*t = -23*t + 153. Let y(q) = -153*q**3 + q**2 - 1. Let x be y(-1). Calculate the highest common divisor of x and t.
17
Let q(m) = -2*m**3 + 4*m**2 - 5*m + 4. Let w be q(3). Let x = w + 22. Let j be (4/x)/((-12)/1974). Calculate the greatest common divisor of j and 235.
47
Let y = -1522 - -1534. What is the greatest common divisor of y and 2214?
6
Suppose 5*t + 5 = -15, 5*t = -5*d + 235. Let o be d*(5/(-3) - -2). Suppose -54*p + 14410 - 4312 = 0. Calculate the highest common divisor of p and o.
17
Suppose 53*n - 12474 = -n. Let c(w) = 4*w - 9. Let h be c(5). What is the highest common divisor of n and h?
11
Let j(k) = 56*k**2 - 83*k + 87. Let t be j(-8). What is the highest common factor of t and 34?
17
Let s be -3 + (1 + 0)*(1003 - 10). What is the highest common factor of 54 and s?
18
Suppose -7*k = -15*k + 3648. What is the highest common factor of 399 and k?
57
Suppose 0 = 2*o - 4*b - 48854, 97391 = 3*o - b + 24105. What is the greatest common divisor of 51 and o?
51
Let p be 3 + 565 + 20 + -4. What is the greatest common factor of p and 168?
8
Let c = 4141 + -4016. What is the greatest common factor of 100 and c?
25
Let t be (36/15)/4*5. Suppose 5 = 4*m - t. Let v be 4 - 5 - 8*-1*m. What is the greatest common divisor of v and 10?
5
Let j be (-20)/2*(-39856)/265. Let t be j - (5 - (3 - 1)). What is the greatest common factor of t and 19?
19
Let s be (-6)/(-14) - (-114)/(-21). Let k(r) = 0 + 2*r + 11 - r + 4. Let i be k(s). Calculate the greatest common divisor of i and 70.
10
Suppose 5*j + 3*q = 771, 4*q - 304 = -2*j + 5*q. Let d be (j/18)/(2/(-16)*-2). Calculate the highest common factor of d and 2.
2
Let a = 297 + -287. Suppose -a*l = 14 - 94. What is the highest common divisor of l and 32?
8
Let j(f) = -162*f - 1328. Let r be j(-12). Calculate the highest common factor of r and 440.
88
Suppose -v + 13176 = 5*x, 0 = 2*x - 1140 + 1126. Calculate the highest common divisor of 17 and v.
17
Let v be 32/(-6)*(-6)/4. Suppose n - 5*n + 8 = 0. Suppose 3*l - 224 = 2*u, 4*u = -n*l + u + 132. What is the highest common divisor of l and v?
8
Let w = 29 + -28. Let k be -30*w*(-6)/15. Suppose 0 = k*i - 16*i + 128. What is the greatest common divisor of i and 160?
32
Let v = -53751 + 53762. Let l(g) = g**2 + 3*g - 3. Let c be 11/(-3) - 2/6. Let d be l(c). Calculate the highest common divisor of v and d.
1
Let d(r) = r**3 - 14*r**2 + 14*r - 5. Let p be d(13). Let m = 20 - p. Suppose -26 = 10*k - m*k. What is the highest common factor of k and 91?
13
Let p(c) = 3*c - 16. Let w be p(3). Let v be (-14)/w - (-2 - 311). Suppose 4*r = r + v. What is the greatest common divisor of 42 and r?
21
Let q = -89 + 93. Suppose -4*r + q*v + 308 = -264, -2*v = 6. Suppose 0*z = -5*z + 175. Calculate the highest common divisor of r and z.
35
Let b(y) = 106*y**2 + 86*y - 10. Let h be b(-5). What is the greatest common divisor of 260 and h?
130
Let k be ((-30)/(-8))/(155/248). Let m(r) = -38*r + 240. Let a be m(k). What is the greatest common factor of a and 48?
12
Suppose -170 - 10 = -5*p. Let c = -12548 - -13232. Calculate the greatest common divisor of p and c.
36
Let g = -23 + 51. Let n be ((-766)/4)/(9/18). Let i = -159 - n. Calculate the highest common factor of g and i.
28
Suppose -r + 68 = -18. Suppose 0 = 4*d + 5*s + 157 + 187, 3*s + r = -d. Let m = -66 - d. Calculate the greatest common factor of 4 and m.
4
Suppose -278*p = -141*p - 496237 - 62860. Calculate the highest common divisor of 106 and p.
53
Let v be 40/140 + (-1046)/(-14). Let s = 205 + -25. Suppose 0*f + 6*f = s. Calculate the greatest common factor of f and v.
15
Let z(o) = -o**3 + 3*o**2 + 19*o - 36. Let h be z(5). Suppose -4*n + h*n = -4*l + 48, -27 = -3*n - 3*l. Calculate the greatest common divisor of n and 420.
1